{"id":4694,"date":"2024-02-14T08:52:09","date_gmt":"2024-02-14T08:52:09","guid":{"rendered":"https:\/\/www.alborozoeventos.es\/tienda\/?post_type=product&#038;p=4694"},"modified":"2026-01-21T12:00:55","modified_gmt":"2026-01-21T12:00:55","slug":"pack-san-valentin-2024","status":"publish","type":"product","link":"https:\/\/www.alborozoeventos.es\/tienda\/producto\/pack-san-valentin-2024\/","title":{"rendered":"Pack San Valent\u00edn \u201cOsitos que Acompa\u00f1an\u201d"},"content":{"rendered":"<p>Pack artesanal de San Valent\u00edn presentado en cesta de mimbre en forma de coraz\u00f3n. Cada set incluye una combinaci\u00f3n de piezas coordinadas con dise\u00f1o de ositos enamorados: taza de cer\u00e1mica (algunas con asa coraz\u00f3n), posavasos, vela en portavelas de cristal, chocolate decorado y detalles como adorno LOVE o pendientes.<\/p>\n<p>Ideal para regalar ternura, acompa\u00f1ar rituales o sorprender con un detalle lleno de intenci\u00f3n.<\/p>\n<p>Puedes elegir entre tres variantes seg\u00fan el contenido:<\/p>\n<ul>\n<li><strong>Modelo 1 \u2013 B\u00e1sico:<\/strong> Taza, vela, posavasos, chocolate y adorno coraz\u00f3n.<\/li>\n<li><strong>Modelo 2 \u2013 Con pendientes:<\/strong> Taza con asa coraz\u00f3n, vela, posavasos, pendientes y cajita decorativa.<\/li>\n<li><strong>Modelo 3 \u2013 Con adorno LOVE:<\/strong> Taza con asa coraz\u00f3n, vela, posavasos, chocolate y adorno LOVE.<\/li>\n<\/ul>\n","protected":false},"excerpt":{"rendered":"<p>Pack rom\u00e1ntico con taza, vela y detalles de ositos. Tres modelos a elegir.<\/p>\n","protected":false},"featured_media":5849,"comment_status":"open","ping_status":"closed","template":"","meta":{"site-sidebar-layout":"default","site-content-layout":"","ast-site-content-layout":"default","site-content-style":"default","site-sidebar-style":"default","ast-global-header-display":"","ast-banner-title-visibility":"","ast-main-header-display":"","ast-hfb-above-header-display":"","ast-hfb-below-header-display":"","ast-hfb-mobile-header-display":"","site-post-title":"","ast-breadcrumbs-content":"","ast-featured-img":"","footer-sml-layout":"","ast-disable-related-posts":"","theme-transparent-header-meta":"default","adv-header-id-meta":"","stick-header-meta":"","header-above-stick-meta":"","header-main-stick-meta":"","header-below-stick-meta":"","astra-migrate-meta-layouts":"set","ast-page-background-enabled":"default","ast-page-background-meta":{"desktop":{"background-color":"","background-image":"","background-repeat":"repeat","background-position":"center center","background-size":"auto","background-attachment":"scroll","background-type":"","background-media":"","overlay-type":"","overlay-color":"","overlay-opacity":"","overlay-gradient":""},"tablet":{"background-color":"","background-image":"","background-repeat":"repeat","background-position":"center center","background-size":"auto","background-attachment":"scroll","background-type":"","background-media":"","overlay-type":"","overlay-color":"","overlay-opacity":"","overlay-gradient":""},"mobile":{"background-color":"","background-image":"","background-repeat":"repeat","background-position":"center center","background-size":"auto","background-attachment":"scroll","background-type":"","background-media":"","overlay-type":"","overlay-color":"","overlay-opacity":"","overlay-gradient":""}},"ast-content-background-meta":{"desktop":{"background-color":"var(--ast-global-color-5)","background-image":"","background-repeat":"repeat","background-position":"center center","background-size":"auto","background-attachment":"scroll","background-type":"","background-media":"","overlay-type":"","overlay-color":"","overlay-opacity":"","overlay-gradient":""},"tablet":{"background-color":"var(--ast-global-color-5)","background-image":"","background-repeat":"repeat","background-position":"center center","background-size":"auto","background-attachment":"scroll","background-type":"","background-media":"","overlay-type":"","overlay-color":"","overlay-opacity":"","overlay-gradient":""},"mobile":{"background-color":"var(--ast-global-color-5)","background-image":"","background-repeat":"repeat","background-position":"center center","background-size":"auto","background-attachment":"scroll","background-type":"","background-media":"","overlay-type":"","overlay-color":"","overlay-opacity":"","overlay-gradient":""}}},"product_brand":[],"product_cat":[59],"product_tag":[],"class_list":{"0":"post-4694","1":"product","2":"type-product","3":"status-publish","4":"has-post-thumbnail","6":"product_cat-packs-de-san-valentin","7":"desktop-align-left","8":"tablet-align-left","9":"mobile-align-left","11":"first","12":"instock","13":"taxable","14":"shipping-taxable","15":"purchasable","16":"product-type-variable"},"jetpack_sharing_enabled":true,"jetpack_likes_enabled":true,"_links":{"self":[{"href":"https:\/\/www.alborozoeventos.es\/tienda\/wp-json\/wp\/v2\/product\/4694","targetHints":{"allow":["GET"]}}],"collection":[{"href":"https:\/\/www.alborozoeventos.es\/tienda\/wp-json\/wp\/v2\/product"}],"about":[{"href":"https:\/\/www.alborozoeventos.es\/tienda\/wp-json\/wp\/v2\/types\/product"}],"replies":[{"embeddable":true,"href":"https:\/\/www.alborozoeventos.es\/tienda\/wp-json\/wp\/v2\/comments?post=4694"}],"version-history":[{"count":3,"href":"https:\/\/www.alborozoeventos.es\/tienda\/wp-json\/wp\/v2\/product\/4694\/revisions"}],"predecessor-version":[{"id":5850,"href":"https:\/\/www.alborozoeventos.es\/tienda\/wp-json\/wp\/v2\/product\/4694\/revisions\/5850"}],"wp:featuredmedia":[{"embeddable":true,"href":"https:\/\/www.alborozoeventos.es\/tienda\/wp-json\/wp\/v2\/media\/5849"}],"wp:attachment":[{"href":"https:\/\/www.alborozoeventos.es\/tienda\/wp-json\/wp\/v2\/media?parent=4694"}],"wp:term":[{"taxonomy":"product_brand","embeddable":true,"href":"https:\/\/www.alborozoeventos.es\/tienda\/wp-json\/wp\/v2\/product_brand?post=4694"},{"taxonomy":"product_cat","embeddable":true,"href":"https:\/\/www.alborozoeventos.es\/tienda\/wp-json\/wp\/v2\/product_cat?post=4694"},{"taxonomy":"product_tag","embeddable":true,"href":"https:\/\/www.alborozoeventos.es\/tienda\/wp-json\/wp\/v2\/product_tag?post=4694"}],"curies":[{"name":"wp","href":"https:\/\/api.w.org\/{rel}","templated":true}]}}